{"id":406,"date":"2024-05-31T10:46:21","date_gmt":"2024-05-31T10:46:21","guid":{"rendered":"https:\/\/leadlinksolutions.org\/?page_id=406"},"modified":"2024-06-02T05:49:10","modified_gmt":"2024-06-02T05:49:10","slug":"ki-basiertes-lead-management","status":"publish","type":"page","link":"https:\/\/leadlinksolutions.org\/?page_id=406","title":{"rendered":"KI-basiertes Lead Management"},"content":{"rendered":"<p>[et_pb_section fb_built=&#8221;1&#8243; _builder_version=&#8221;4.25.1&#8243; _module_preset=&#8221;default&#8221; border_color_top=&#8221;#edc500&#8243; locked=&#8221;off&#8221; global_colors_info=&#8221;{}&#8221;][et_pb_row _builder_version=&#8221;4.25.1&#8243; _module_preset=&#8221;default&#8221; global_colors_info=&#8221;{}&#8221;][et_pb_column type=&#8221;4_4&#8243; _builder_version=&#8221;4.25.1&#8243; _module_preset=&#8221;default&#8221; global_colors_info=&#8221;{}&#8221;][et_pb_text _builder_version=&#8221;4.25.1&#8243; _module_preset=&#8221;default&#8221; global_colors_info=&#8221;{}&#8221;]<\/p>\n<h1 style=\"text-align: center;\"><b>KI &#8211; basiertes Lead Management<\/b><\/h1>\n<p>[\/et_pb_text][et_pb_text _builder_version=&#8221;4.25.1&#8243; _module_preset=&#8221;default&#8221; global_colors_info=&#8221;{}&#8221;]<\/p>\n<p style=\"text-align: center;\"><span style=\"font-weight: 400;\">Mit unserem KI-basierten Lead-Management-System stellen wir sicher, dass Ihre Leads in der ersten Minute im pers\u00f6nlichen Stil kontaktiert werden &#8211; und das rund um die Uhr! Die ersten f\u00fcnf Minuten sind entscheidend. Studien belegen, dass eine Kontaktaufnahme bereits in der sechsten Minute die Wahrscheinlichkeit, diesen Lead zu gewinnen, um 800 % verringert.<\/span><\/p>\n<p>[\/et_pb_text][\/et_pb_column][\/et_pb_row][\/et_pb_section][et_pb_section fb_built=&#8221;1&#8243; _builder_version=&#8221;4.25.1&#8243; _module_preset=&#8221;default&#8221; background_color=&#8221;#272323&#8243; min_height=&#8221;822.2px&#8221; custom_margin=&#8221;-20px||||false|false&#8221; border_width_top=&#8221;3px&#8221; border_color_top=&#8221;#edc500&#8243; locked=&#8221;off&#8221; global_colors_info=&#8221;{}&#8221;][et_pb_row _builder_version=&#8221;4.25.1&#8243; _module_preset=&#8221;default&#8221; global_colors_info=&#8221;{}&#8221;][et_pb_column type=&#8221;4_4&#8243; _builder_version=&#8221;4.25.1&#8243; _module_preset=&#8221;default&#8221; global_colors_info=&#8221;{}&#8221;][et_pb_text _builder_version=&#8221;4.25.1&#8243; _module_preset=&#8221;default&#8221; text_text_color=&#8221;#FFFFFF&#8221; header_font=&#8221;|700|||||||&#8221; header_text_color=&#8221;#edc500&#8243; header_2_font=&#8221;|700|||||||&#8221; header_2_text_color=&#8221;#FFFFFF&#8221; header_3_font=&#8221;|800|||||||&#8221; header_3_text_color=&#8221;#edc500&#8243; header_3_font_size=&#8221;24px&#8221; background_layout=&#8221;dark&#8221; hover_enabled=&#8221;0&#8243; global_colors_info=&#8221;{}&#8221; sticky_enabled=&#8221;0&#8243;]<\/p>\n<h1><b>KI-basiertes Lead Management<\/b><\/h1>\n<p><span style=\"font-weight: 400;\">Unser Service f\u00fcr KI-basiertes Lead Management revolutioniert die Art und Weise, wie Sie mit Ihren Leads interagieren und diese in wertvolle Kunden umwandeln. Durch die Integration von Meta Lead Ad Campaigns und einem fortschrittlichen WhatsApp-Bot bieten wir eine nahtlose und effiziente Kommunikation mit Ihren potenziellen Kunden.<\/span><\/p>\n<h4><b>Wie funktioniert es?<\/b><\/h4>\n<p><span style=\"font-weight: 400;\">\u00a0<\/span><\/p>\n<h3><b>Lead Generierung \u00fcber Meta Lead Ads:<\/b><\/h3>\n<ul>\n<li style=\"font-weight: 400;\" aria-level=\"2\"><span style=\"font-weight: 400;\">Wir nutzen zielgerichtete Meta Lead Ad Campaigns, um hochwertige Leads zu generieren. Diese Anzeigen sind speziell darauf ausgelegt, das Interesse potenzieller Kunden zu wecken und sie dazu zu bringen, sich f\u00fcr Ihre beworbenen Lead-Magneten zu registrieren.<\/span><\/li>\n<\/ul>\n<ul>\n<li style=\"font-weight: 400;\" aria-level=\"1\"><b>KI-basierte Kommunikation mit den Interessenten:<\/b><b><\/b><\/li>\n<ul>\n<li style=\"font-weight: 400;\" aria-level=\"2\"><span style=\"font-weight: 400;\">Sobald ein Interessent sich registriert, beginnt unser KI-gest\u00fctzter Bot sofort mit der Kontaktaufnahme. Die ersten f\u00fcnf Minuten nach einer Lead-Anfrage sind entscheidend, und unsere L\u00f6sung maximiert die Chancen auf eine erfolgreiche Konvertierung erheblich, indem sie umgehend reagiert.<\/span><\/li>\n<li style=\"font-weight: 400;\" aria-level=\"2\"><span style=\"font-weight: 400;\">Die Kommunikation erfolgt in Echtzeit und bietet eine personalisierte Ansprache, beantwortet Fragen und stellt sicher, dass der Interessent alle relevanten Informationen erh\u00e4lt. Selbst wenn Leads sp\u00e4t abends oder an Wochenenden eingehen, sorgt unsere KI-basierte L\u00f6sung daf\u00fcr, dass sie sofort und in pers\u00f6nlicher Weise kontaktiert werden, ohne dass ein Mitarbeiter verf\u00fcgbar sein muss. Idealweise merken die Kunden gar nicht, dass sie es mit einer KI zu tun haben.<\/span><\/li>\n<\/ul>\n<\/ul>\n<h3><b>Terminvereinbarung und Erinnerung:<\/b><\/h3>\n<ul>\n<li style=\"font-weight: 400;\" aria-level=\"3\"><span style=\"font-weight: 400;\">Das Hauptziel der Kommunikation ist es, den Lead zu einem Termin zu bringen. Unser Bot \u00fcberpr\u00fcft w\u00e4hrend des Gespr\u00e4chs den Kalender und stellt sicher, dass der vorgeschlagene Termin auch tats\u00e4chlich verf\u00fcgbar ist.<\/span><\/li>\n<li style=\"font-weight: 400;\" aria-level=\"3\"><span style=\"font-weight: 400;\">Nach der Terminvereinbarung erinnert der Bot den Interessenten an den bevorstehenden Termin, um sicherzustellen, dass dieser wahrgenommen wird<\/span><\/li>\n<\/ul>\n<h3><b>Einladung weiterer Personen, wenn sinnvoll:<\/b><\/h3>\n<ul>\n<li style=\"font-weight: 400;\" aria-level=\"4\"><span style=\"font-weight: 400;\">Der Bot l\u00e4dt den Interessenten auch ein, gegebenenfalls weitere Personen zu dem Termin mitzubringen. Dies erh\u00f6ht die Wahrscheinlichkeit, dass der Termin zustande kommt und maximiert die potenzielle Reichweite Ihrer Kampagne.<\/span><\/li>\n<\/ul>\n<h3><b>Vorteile unseres Services:<\/b><\/h3>\n<ol>\n<li style=\"font-weight: 400;\" aria-level=\"1\"><b>Automatisierte, aber pers\u00f6nliche Kommunikation<\/b><span style=\"font-weight: 400;\">: Unsere KI-basierten Bots bieten eine automatisierte, aber dennoch pers\u00f6nliche Kommunikation, die auf die Bed\u00fcrfnisse und Fragen Ihrer Leads eingeht.<\/span><\/li>\n<li style=\"font-weight: 400;\" aria-level=\"1\"><b>Effiziente Terminplanung<\/b><span style=\"font-weight: 400;\">:<\/span><span style=\"font-weight: 400;\"> Durch die Integration des Kalenders in die Kommunikation sorgt der Bot daf\u00fcr, dass Termine reibungslos und effizient geplant werden.<\/span><\/li>\n<li style=\"font-weight: 400;\" aria-level=\"1\"><b>H\u00f6here Konversionsraten<\/b><span style=\"font-weight: 400;\">:<\/span><span style=\"font-weight: 400;\"> Durch die gezielte Ansprache und die Erinnerung an Termine erh\u00f6hen wir die Wahrscheinlichkeit, dass Leads zu tats\u00e4chlichen Kunden werden.<\/span><\/li>\n<li style=\"font-weight: 400;\" aria-level=\"1\"><b>Zeitersparnis f\u00fcr Ihr Team<\/b><span style=\"font-weight: 400;\">: Mit der automatisierten Kommunikation k\u00f6nnen sich Ihre Mitarbeiter auf andere wichtige Aufgaben konzentrieren, w\u00e4hrend der Bot die Lead-Interaktion \u00fcbernimmt.<\/span><\/li>\n<li style=\"font-weight: 400;\" aria-level=\"1\"><b>Umgehende Reaktion auf Lead-Anfragen<\/b><span style=\"font-weight: 400;\">: Unsere L\u00f6sung stellt sicher, dass Leads sofort kontaktiert werden, auch au\u00dferhalb der regul\u00e4ren Gesch\u00e4ftszeiten. Dies maximiert die Chancen auf eine erfolgreiche Konvertierung, da die ersten f\u00fcnf Minuten nach einer Lead-Anfrage entscheidend sind.<\/span><\/li>\n<\/ol>\n<p><span style=\"font-weight: 400;\">Nutzen Sie die Vorteile unseres KI-basierten Lead Managements und verwandeln Sie mehr Interessenten in zufriedene Kunden. Kontaktieren Sie uns, um mehr dar\u00fcber zu erfahren, wie wir Ihre Lead-Generierung und -Verwaltung optimieren k\u00f6nnen.<\/span><\/p>\n<p>[\/et_pb_text][\/et_pb_column][\/et_pb_row][\/et_pb_section][et_pb_section fb_built=&#8221;1&#8243; _builder_version=&#8221;4.25.1&#8243; _module_preset=&#8221;default&#8221; background_color=&#8221;#FFFFFF&#8221; custom_margin=&#8221;||||false|false&#8221; custom_padding=&#8221;||1px||false|false&#8221; top_divider_height=&#8221;30px&#8221; top_divider_repeat=&#8221;1x&#8221; top_divider_flip=&#8221;horizontal&#8221; hover_enabled=&#8221;0&#8243; border_width_bottom=&#8221;2px&#8221; border_color_bottom=&#8221;#edc500&#8243; saved_tabs=&#8221;all&#8221; locked=&#8221;off&#8221; global_colors_info=&#8221;{}&#8221; sticky_enabled=&#8221;0&#8243;][et_pb_row _builder_version=&#8221;4.25.1&#8243; _module_preset=&#8221;default&#8221; global_colors_info=&#8221;{}&#8221; min_height=&#8221;344.3px&#8221;][et_pb_column type=&#8221;4_4&#8243; _builder_version=&#8221;4.25.1&#8243; _module_preset=&#8221;default&#8221; global_colors_info=&#8221;{}&#8221;][et_pb_text _builder_version=&#8221;4.25.1&#8243; _module_preset=&#8221;default&#8221; header_2_text_align=&#8221;center&#8221; header_2_text_color=&#8221;#edc500&#8243; global_colors_info=&#8221;{}&#8221;]<\/p>\n<h2>Kontaktiere uns<\/h2>\n<p>[\/et_pb_text][et_pb_divider _builder_version=&#8221;4.25.1&#8243; _module_preset=&#8221;default&#8221; width=&#8221;18%&#8221; max_width=&#8221;101%&#8221; module_alignment=&#8221;center&#8221; custom_margin=&#8221;-13px||||false|false&#8221; global_colors_info=&#8221;{}&#8221;][\/et_pb_divider][et_pb_text _builder_version=&#8221;4.25.1&#8243; _module_preset=&#8221;default&#8221; text_text_color=&#8221;#000000&#8243; width=&#8221;463px&#8221; module_alignment=&#8221;center&#8221; custom_margin=&#8221;-20px||||false|false&#8221; global_colors_info=&#8221;{}&#8221; locked=&#8221;off&#8221;]<\/p>\n<p style=\"text-align: center;\">Erfahren Sie mehr dar\u00fcber, wie <span style=\"color: #edc500;\">LeadLink Solutions<\/span> Ihnen helfen kann, Ihr Lead-Generierungspotenzial voll auszusch\u00f6pfen. Kontaktieren Sie uns noch heute f\u00fcr ein unverbindliches Beratungsgespr\u00e4ch.<\/p>\n<p>[\/et_pb_text][et_pb_button button_url=&#8221;\/kontakt&#8221; button_text=&#8221;kontakt&#8221; button_alignment=&#8221;center&#8221; _builder_version=&#8221;4.25.1&#8243; _module_preset=&#8221;default&#8221; custom_button=&#8221;on&#8221; button_text_size=&#8221;16px&#8221; button_text_color=&#8221;#000000&#8243; button_bg_color=&#8221;#edc500&#8243; button_border_width=&#8221;1px&#8221; button_border_color=&#8221;#FFFFFF&#8221; button_border_radius=&#8221;25px&#8221; background_layout=&#8221;dark&#8221; custom_margin=&#8221;16px||||false|false&#8221; custom_padding=&#8221;4px||4px||false|false&#8221; hover_enabled=&#8221;0&#8243; locked=&#8221;off&#8221; global_colors_info=&#8221;{}&#8221; button_text_size__hover_enabled=&#8221;on|desktop&#8221; button_bg_color__hover_enabled=&#8221;on|desktop&#8221; button_text_size__hover=&#8221;16px&#8221; button_bg_color__hover=&#8221;#edc500&#8243; sticky_enabled=&#8221;0&#8243;][\/et_pb_button][\/et_pb_column][\/et_pb_row][\/et_pb_section]<\/p>\n","protected":false},"excerpt":{"rendered":"<p>KI &#8211; basiertes Lead ManagementMit unserem KI-basierten Lead-Management-System stellen wir sicher, dass Ihre Leads in der ersten Minute im pers\u00f6nlichen Stil kontaktiert werden &#8211; und das rund um die Uhr! Die ersten f\u00fcnf Minuten sind entscheidend. Studien belegen, dass eine Kontaktaufnahme bereits in der sechsten Minute die Wahrscheinlichkeit, diesen Lead zu gewinnen, um 800 % [&hellip;]<\/p>\n","protected":false},"author":1,"featured_media":0,"parent":0,"menu_order":0,"comment_status":"closed","ping_status":"closed","template":"","meta":{"_et_pb_use_builder":"on","_et_pb_old_content":"","_et_gb_content_width":"","footnotes":""},"class_list":["post-406","page","type-page","status-publish","hentry"],"yoast_head":"<!-- This site is optimized with the Yoast SEO plugin v22.6 - https:\/\/yoast.com\/wordpress\/plugins\/seo\/ -->\n<title>KI-basiertes Lead Management - LeadLink Solutions Lead Generierung Agentur | Mehr Neukunden f\u00fcr Ihr Unternehmen<\/title>\n<meta name=\"robots\" content=\"index, follow, max-snippet:-1, max-image-preview:large, max-video-preview:-1\" \/>\n<link rel=\"canonical\" href=\"https:\/\/leadlinksolutions.org\/?page_id=406\" \/>\n<meta property=\"og:locale\" content=\"en_US\" \/>\n<meta property=\"og:type\" content=\"article\" \/>\n<meta property=\"og:title\" content=\"KI-basiertes Lead Management - LeadLink Solutions Lead Generierung Agentur | Mehr Neukunden f\u00fcr Ihr Unternehmen\" \/>\n<meta property=\"og:description\" content=\"KI - basiertes Lead ManagementMit unserem KI-basierten Lead-Management-System stellen wir sicher, dass Ihre Leads in der ersten Minute im pers\u00f6nlichen Stil kontaktiert werden - und das rund um die Uhr! Die ersten f\u00fcnf Minuten sind entscheidend. Studien belegen, dass eine Kontaktaufnahme bereits in der sechsten Minute die Wahrscheinlichkeit, diesen Lead zu gewinnen, um 800 % [&hellip;]\" \/>\n<meta property=\"og:url\" content=\"https:\/\/leadlinksolutions.org\/?page_id=406\" \/>\n<meta property=\"og:site_name\" content=\"LeadLink Solutions Lead Generierung Agentur | Mehr Neukunden f\u00fcr Ihr Unternehmen\" \/>\n<meta property=\"article:modified_time\" content=\"2024-06-02T05:49:10+00:00\" \/>\n<meta name=\"twitter:card\" content=\"summary_large_image\" \/>\n<meta name=\"twitter:label1\" content=\"Est. reading time\" \/>\n\t<meta name=\"twitter:data1\" content=\"5 minutes\" \/>\n<script type=\"application\/ld+json\" class=\"yoast-schema-graph\">{\"@context\":\"https:\/\/schema.org\",\"@graph\":[{\"@type\":\"WebPage\",\"@id\":\"https:\/\/leadlinksolutions.org\/?page_id=406\",\"url\":\"https:\/\/leadlinksolutions.org\/?page_id=406\",\"name\":\"KI-basiertes Lead Management - LeadLink Solutions Lead Generierung Agentur | Mehr Neukunden f\u00fcr Ihr Unternehmen\",\"isPartOf\":{\"@id\":\"https:\/\/leadlinksolutions.org\/#website\"},\"datePublished\":\"2024-05-31T10:46:21+00:00\",\"dateModified\":\"2024-06-02T05:49:10+00:00\",\"breadcrumb\":{\"@id\":\"https:\/\/leadlinksolutions.org\/?page_id=406#breadcrumb\"},\"inLanguage\":\"en-US\",\"potentialAction\":[{\"@type\":\"ReadAction\",\"target\":[\"https:\/\/leadlinksolutions.org\/?page_id=406\"]}]},{\"@type\":\"BreadcrumbList\",\"@id\":\"https:\/\/leadlinksolutions.org\/?page_id=406#breadcrumb\",\"itemListElement\":[{\"@type\":\"ListItem\",\"position\":1,\"name\":\"Home\",\"item\":\"https:\/\/leadlinksolutions.org\/\"},{\"@type\":\"ListItem\",\"position\":2,\"name\":\"KI-basiertes Lead Management\"}]},{\"@type\":\"WebSite\",\"@id\":\"https:\/\/leadlinksolutions.org\/#website\",\"url\":\"https:\/\/leadlinksolutions.org\/\",\"name\":\"LeadLink Solutions Lead Generierung Agentur | Mehr Neukunden f\u00fcr Ihr Unternehmen\",\"description\":\"Mehr Leads und Kunden f\u00fcr Ihr Unternehmen - Eine Woche kostenlos und unverbindlich testen\",\"potentialAction\":[{\"@type\":\"SearchAction\",\"target\":{\"@type\":\"EntryPoint\",\"urlTemplate\":\"https:\/\/leadlinksolutions.org\/?s={search_term_string}\"},\"query-input\":\"required name=search_term_string\"}],\"inLanguage\":\"en-US\"}]}<\/script>\n<!-- \/ Yoast SEO plugin. -->","yoast_head_json":{"title":"KI-basiertes Lead Management - LeadLink Solutions Lead Generierung Agentur | Mehr Neukunden f\u00fcr Ihr Unternehmen","robots":{"index":"index","follow":"follow","max-snippet":"max-snippet:-1","max-image-preview":"max-image-preview:large","max-video-preview":"max-video-preview:-1"},"canonical":"https:\/\/leadlinksolutions.org\/?page_id=406","og_locale":"en_US","og_type":"article","og_title":"KI-basiertes Lead Management - LeadLink Solutions Lead Generierung Agentur | Mehr Neukunden f\u00fcr Ihr Unternehmen","og_description":"KI - basiertes Lead ManagementMit unserem KI-basierten Lead-Management-System stellen wir sicher, dass Ihre Leads in der ersten Minute im pers\u00f6nlichen Stil kontaktiert werden - und das rund um die Uhr! Die ersten f\u00fcnf Minuten sind entscheidend. Studien belegen, dass eine Kontaktaufnahme bereits in der sechsten Minute die Wahrscheinlichkeit, diesen Lead zu gewinnen, um 800 % [&hellip;]","og_url":"https:\/\/leadlinksolutions.org\/?page_id=406","og_site_name":"LeadLink Solutions Lead Generierung Agentur | Mehr Neukunden f\u00fcr Ihr Unternehmen","article_modified_time":"2024-06-02T05:49:10+00:00","twitter_card":"summary_large_image","twitter_misc":{"Est. reading time":"5 minutes"},"schema":{"@context":"https:\/\/schema.org","@graph":[{"@type":"WebPage","@id":"https:\/\/leadlinksolutions.org\/?page_id=406","url":"https:\/\/leadlinksolutions.org\/?page_id=406","name":"KI-basiertes Lead Management - LeadLink Solutions Lead Generierung Agentur | Mehr Neukunden f\u00fcr Ihr Unternehmen","isPartOf":{"@id":"https:\/\/leadlinksolutions.org\/#website"},"datePublished":"2024-05-31T10:46:21+00:00","dateModified":"2024-06-02T05:49:10+00:00","breadcrumb":{"@id":"https:\/\/leadlinksolutions.org\/?page_id=406#breadcrumb"},"inLanguage":"en-US","potentialAction":[{"@type":"ReadAction","target":["https:\/\/leadlinksolutions.org\/?page_id=406"]}]},{"@type":"BreadcrumbList","@id":"https:\/\/leadlinksolutions.org\/?page_id=406#breadcrumb","itemListElement":[{"@type":"ListItem","position":1,"name":"Home","item":"https:\/\/leadlinksolutions.org\/"},{"@type":"ListItem","position":2,"name":"KI-basiertes Lead Management"}]},{"@type":"WebSite","@id":"https:\/\/leadlinksolutions.org\/#website","url":"https:\/\/leadlinksolutions.org\/","name":"LeadLink Solutions Lead Generierung Agentur | Mehr Neukunden f\u00fcr Ihr Unternehmen","description":"Mehr Leads und Kunden f\u00fcr Ihr Unternehmen - Eine Woche kostenlos und unverbindlich testen","potentialAction":[{"@type":"SearchAction","target":{"@type":"EntryPoint","urlTemplate":"https:\/\/leadlinksolutions.org\/?s={search_term_string}"},"query-input":"required name=search_term_string"}],"inLanguage":"en-US"}]}},"_links":{"self":[{"href":"https:\/\/leadlinksolutions.org\/index.php?rest_route=\/wp\/v2\/pages\/406","targetHints":{"allow":["GET"]}}],"collection":[{"href":"https:\/\/leadlinksolutions.org\/index.php?rest_route=\/wp\/v2\/pages"}],"about":[{"href":"https:\/\/leadlinksolutions.org\/index.php?rest_route=\/wp\/v2\/types\/page"}],"author":[{"embeddable":true,"href":"https:\/\/leadlinksolutions.org\/index.php?rest_route=\/wp\/v2\/users\/1"}],"replies":[{"embeddable":true,"href":"https:\/\/leadlinksolutions.org\/index.php?rest_route=%2Fwp%2Fv2%2Fcomments&post=406"}],"version-history":[{"count":5,"href":"https:\/\/leadlinksolutions.org\/index.php?rest_route=\/wp\/v2\/pages\/406\/revisions"}],"predecessor-version":[{"id":480,"href":"https:\/\/leadlinksolutions.org\/index.php?rest_route=\/wp\/v2\/pages\/406\/revisions\/480"}],"wp:attachment":[{"href":"https:\/\/leadlinksolutions.org\/index.php?rest_route=%2Fwp%2Fv2%2Fmedia&parent=406"}],"curies":[{"name":"wp","href":"https:\/\/api.w.org\/{rel}","templated":true}]}}